1?
-9
What is (3 + -2 - 0) + (-24 - (7 - 46))?
16
Calculate 2 + -6 - (11 + (17 - 28)).
-4
Calculate 42 - (-33 - (-55 + 11)).
31
What is (14 - (12 + 9)) + -18?
-25
What is the value of -2 - (-2 + (-1 - 6 - -4) + 2)?
1
7 - (-26 + 32) - (-1 + (-2 - 9))
13
(-17 - -18) + 6 - 3
4
What is the value of 10 - (11 - (-17 + 29))?
11
What is the value of (17 - (5 + 2)) + 7 + -7?
10
(-16 + 11 - -20) + -17
-2
What is -4 + 6 + 1 + (-8 - (1 + -4))?
-2
What is the value of (-5 + 3 - ((0 - 1) + 3)) + 8?
4
(6 - (-5 + 2 + -2 - -17)) + -12
-18
What is 2 + (-12 - (4 + 2))?
-16
What is the value of 0 + 3 + -1 + -217 + 225?
10
Calculate -8 - (-9 + 1 - (2 - 12)).
-10
What is the value of -2 + 10 + -3 + (3 - 8) + 11?
11
Calculate -6 - 1 - (-7 + 0 - (2 + 22)).
24
Evaluate -20 - 1 - -6 - (1 + 4 + -9).
-11
What is the value of -15 + -3 + 16 + 0 + -14?
-16
Evaluate -1 + -2 + 3 - (-14 - (52 - 57)).
9
Calculate (8 - 2 - 6) + 1 + 4 - -3.
8
What is (-7 - (17 + -30)) + (-3 - (-6 - -3))?
6
What is 5 + 10 + -16 + -17?
-18
-61 + (45 - (-6 - -13))
-23
-6 + (-14 - (-30 - -9))
1
Evaluate -11 - (4 - -5 - 12).
-8
17 + -27 + 0 + -6
-16
What is 9 + -3 + 5 + (6 - 30)?
-13
What is (-11 - -6 - (4 - -15)) + 6?
-18
13 + -3 + 0 + 18
28
What is the value of -6 + -2 - (26 - (38 + -25))?
-21
What is the value of 24 + 11 + -24 + -5?
6
What is the value of (0 - (-7 + (2 - (-35 + 8)))) + 0?
-22
Calculate 23 - (-16 - -28) - 14.
-3
What is the value of -15 + 24 - ((2 - 2) + 13)?
-4
What is the value of (4 + -6 - -3 - -12) + 2 - 0?
15
What is (23 + -46 - -15) + -31?
-39
Evaluate -3 + -14 + (5 - 26) + 15.
-23
What is the value of -1 + -28 + (-35 - (-37 - 12))?
-15
Evaluate 12 + (-14 - (26 - 16)).
-12
(0 - 2) + 2 - (-156 - -155)
1
What is the value of 4 + -18 - -4 - -3?
-7
1 + 7 + 2 + -23 + 7
-6
What is 6 - 8 - (2 - (-1 - -13))?
8
0 + 7 + (78 - 86)
-1
What is (-46 - -57) + -6 - (1 + (0 - 8))?
12
Calculate 214 - 200 - (3 + (3 - 0)).
8
What is the value of 3 + (-5 - (19 - 1)) + (10 - 1)?
-11
What is 18 + (0 - 13 - -2)?
7
Calculate -9 - (-40 + -9 + 10).
30
What is the value of -540 + 508 - (0 + -22)?
-10
Evaluate 4 + -9 - (13 + 2 - 6).
-14
Calculate -13 - -3 - (7 + -24).
7
Calculate 0 - (8 - ((1 - 11) + (23 - 19))).
-14
(6 + -7 - (-1 + 6)) + 1 + -8
-13
What is -30 + (36 - -2) + -12 + 4?
0
-8 + -34 - (-84 - -44)
-2
What is -2 - (-3 - (-8 - -4))?
-3
Evaluate 6 - (0 - (-14 + 10)).
2
Evaluate -25 - (0 + 1) - -47.
21
Calculate 3 + 11 + (-3 - 8).
3
Calculate 6 + (2 - -6) + -7 + (-42 - -47).
12
8 - (9 - 3) - (1 - -4) - -6
3
Evaluate (179 - 171) + (9 - (6 + -3)).
14
-25 + (-19 - -11) + 14 - (-5 - 2)
-12
What is the value of (-55 - -83) + (7 - 41)?
-6
Calculate 13 + 1 - 16 - 4.
-6
Evaluate -12 + (15 - -3) + -51 + 55.
10
What is the value of (-3 + -9 - -8) + 12?
8
Calculate -22 - (0 - -7 - 16).
-13
Evaluate 17 + -1 - (7 + (-24 - -4) + 12).
17
Evaluate -9 + (1 - -1) + -1 - (-97 + 100).
-11
What is -35 + 23 + (16 - 14)?
-10
What is -3 - ((9 - 2) + -21)?
11
(-2 - 2 - (-2 + 14 + -6)) + 2
-8
Calculate -19 + -1 + -59 + 98.
19
Evaluate -7 + -18 + -16 + 32.
-9
What is (12 - 32) + 32 - 0?
12
What is the value of (-3 - -3) + -52 + 22 + 24?
-6
4 + 2 - -10 - 15
1
Calculate -2 + (2 - -11) - 15 - 5.
-9
8 - (4 + (5 - -1) + -10)
8
What is the value of -19 - (-11 + 9 - 3)?
-14
What is (18 + -25 - (7 - -2)) + 5?
-11
What is -8 - 0 - (-61 + 0 - -53)?
0
What is 5 + (2 - 11 - -12) + -6?
2
What is the value of 1 - (-13 - -7) - (-1 + -1)?
9
Evaluate 7 - 3 - (-12 + 6 + -14 + -4).
28
What is -711 - -704 - (-1 + -18 + -1)?
13
1 + (-5 - (5 + -11)) + -2 + 2
2
Calculate (11 - (9 - -4) - -3) + (-1 - 11).
-11
Calculate -3 + (11 + -8 - (7 + -4)).
-3
What is the value of (-2 - -2 - -3) + -5 + -1 + -8?
-11
Evaluate (-7 - -14) + 4 + -2 + -4.
5
What is -7 - (0 + 5) - -21?
9
-36 + -33 - -42 - -12
-15
Calculate -42 + (2 - -28) + 13.
1
Evaluate (-14 - -14) + 11 - -1.
12
Calculate -4 + (-7 - (-6 + 1 + -6)).
0
What is -5 + (27 - (26 + -15))?
11
What is the value of -9 - ((8 - (8 - (1 + -6))) + 5)?
-9
Calculate (-18 + 48 - 50) + 17.
-3
What is 6 + (-3 + 0 - (-105 - -87))?
21
What is the value of -16 + (3 - -34 - (20 - 30))?
31
Evaluate -3 + -18 - -16 - -16.
11
Calculate -2 - (-6 + 0 - (4 + -5) - 7).
10
What is the value of -2 + -1 + -2 + (28 - 27) - -23?
19
Calculate 2 + -7 + (8 - 1) - 15.
-13
What is the value of 5 + (9 - (4 + 2)) + 11?
19
6 - (-8 + (19 - 12)) - (1 + 22)
-16
29 + (-33 - (19 - 55))
32
Evaluate (23 - 9) + -19 - 0.
-5
What is the value of 7 - (1 + (9 - 1 - 0))?
-2
What is the value of 15 + -26 + (-15 - -13) + 48?
35
(-215 - -229) + -38 + -2 + -1
-27
Evaluate 1 - 5 - 15 - -35.
16
What is -4 + (2 - 3) + 5 - (-4 - 2)?
6
What is 17 - (-13 - -22) - (-9 - (2 - 1))?
18
Calculate 29 + (36 - (-28 - -102)).
-9
What is -5 - (6 + -26 + 11)?
4
Calculate -49 + 62 + (2 - 1) + (-1 - 3).
10
What is the value of (-3 - -8) + -16 - (17 - 43)?
15
640 - 657 - ((2 - 10) + -2)
-7
Evaluate (1 - -2) + -1 + -7 + 2 + -3.
-6
Calculate -7 - (-5 + -19 + 10 + -15).
22
Calculate (88 - (35 + -22)) + -41.
34
What is the value of 14 + (-13 - 9) + 2 + 6 + 2?
2
What is (-10 - 4 - 6) + 10?
-10
Calculate 12 - (-27 + 15 + -2).
26
28 - 39 - (0 - 8 - (1 + -3))
-5
What is (-21 - (-4 + -1 + 4)) + -5 + -7?
-32
Evaluate 15 - (1 + 0 - -4 - (-368 + 373)).
15
What is the value of -16 + 9 + (4 - (9 - -2) - -7)?
-7
Calculate (6 - (1 + 0)) + 0 + -14 + 15.
6
What is the value of 0 - ((-1 + 2 - 1) + -14 + 11)?
3
What is the value of -15 + 5 - (2 + (11 - 20))?
-3
Evaluate 29 + -37 - (4 - 24).
12
Evaluate -16 + 16 + (0 + 25 - 8).
17
What is 5 - ((1 - (3 + -10)) + (4 - 8))?
1
Evaluate -71 + 23 + 4 + 19.
-25
Calculate 2 - 30 - (-17 + 11 - 2).
-20
What is -9 + (-52 - -32) + 8?
-21
Evaluate 0 + 14 + (-19 - -20) + -2 - 2.
11
-1 + -27 + (-652 - -648)
-32
Evaluate 15 - (56 + (13 - 50)).
-4
2 - -1 - (-3 + 12) - (2 - 5)
-3
Evaluate -58 + 62 + (-3 + 5 - (-2 + -1)).
9
What is the value of (12 - (7 - -8)) + 1?
-2
What is -13 + (9 - 1) - ((0 - -1) + 0)?
-6
Evaluate 0 + (-13 + 2 - (25 - 30)) - 4.
-10
Calculate -17 + (76 + -31 - 24).
4
Calculate (-20 - -25) + (4 - 12 - -3).
0
What is 13 + -7 + 24 + -15 + 12?
27
Calculate 0 + (-8 - (-2 - -6 - 7)).
-5
Evaluate (-4 - (3 + 20 + 1)) + (-81 - -84).
-25
Calculate -16 - (-16 + (9 - 13)).
4
Evaluate -7 + -7 - (4 + -15).
-3
Calculate -2 + -9 + (-17 - -28) + -14.
-14
What is -5 + 41 + -4 + -17?
15
Evaluate 21 - ((-33 - -35) + 42).
-23
Calculate -231 - -213 - (2 - 3).
-17
What is (-3 - -8 - -13) + -7?
11
13 - (19 + -2 + -2)
-2
Evaluate (3 - 1 - (10 - 1 - 3)) + 4.
0
Calculate -8 + -2 - (4 + -6 + 0 + 4).
-12
Calculate (8 - 4 - -2) + -6.
0
Calculate 2 - 15 - (-7 + (-3 - -9)).
-12
What is the value of (-3 - (16 + -3)) + -4 + (-47 - -46)?
-21
-3 - (-5 - (-2 - -5)) - 5 - -5
5
-3 - (1 + 0 + 1 - (-19 + 16))
-8
What is the value of (10 - ((-5 - -1) + 2)) + 2?
14
What is the value of (-19 - -12) + (-5 - (-11 + -10))?
9
What is 8 + -7 - (-12 - 2 - -5)?
10
Evaluate (-184 - -185) + 2 + 4.
7
Calculate 31 - ((28 - -10) + -4).
-3
What is the value of 1 + (-15 + 11 - -9)?
6
What is 7 + -17 + 29 - 5?
14
What is the value of (16 - 2) + (15 + (-13 - -1) - 14)?
3
What is the value of (5 - 68) + 31 - -52?
20
Evaluate (8 - (-6 - -2 - -11)) + -5.
-4
What is (35 - 39 - 6) + 16?
6
Calculate -1 - -3 - (25 + -34).
11
-12 - (-11 + 15 - 13)
-3
Evaluate 17 - ((17 - 37) + 40).
-3
What is the value of 6 - (10 + (12 - (4 - -6)))?
-6
What is 23 + -38 + (4 - 2 - 1)?
-14
-3 + -6 - (0 - 6) - 7
-10
What is 13 + -7 - (18 - (3 - -9))?
0
What is 2 + 13 + (-3 - -6) + 5?
23
Evaluate -2 - -4 - (64 + -67).
5
What is the value of 3 + 21 + (7 - 11 - 9)?
11
What is the value of -2 + 10 - (-2 + 3 + 21)?
-14
(-19 - -31) + 3 + (-3 - -14)
26
-2 + (23 - 3) - 9
9
What is 13 - (7 - 11 - -44)?
-27
Calculate -19 + 49 + -24 + 0 + -1.
5
What is the value of 11 + 1 + -10 - (-29 - 0)?
31
What is the value of 10 + -13 - (5 + -3)?
-5
(3 + 0 - 27) + 55 + -49 - -8
-10
What is the value of 12 - (13 + (-11 - (-7 + -8)))?
-5
11 + 5 + (6 - 17) - (4 + 19)
-18
What is the value of 8 + -14 + 11 + 7?
12
What is 4 + -8 + (4 - -4) + -3 + 12?
13
-2 + 28 + 9 - (1 + (1 - -5))
28
What is (-10 + 7 - -7) + 4 - -3?
11
1 + 3 - (-8 + (24 - 22))
10
Evaluate (2 - (6 + 5)) + 1 + (-1 - 0).
-9
What is the value of 6 + -12 + (-5 - -9)?
-2
What is the value of -